hat is the tens digit of o?
4
Suppose -16 = -2*p + 2*v + v, p - 2*v = 10. Suppose -p*k - 20 = -3*g, 4*k - 3*g + g = -24. Let x = 11 - k. What is the units digit of x?
5
Suppose 2*y + 620 = -4*v, -v + 620 = -3*y + y. Let d = -191 - y. What is the hundreds digit of d?
1
Let d be 9/(1/1)*-1. Let y(p) = 7*p**3 + 15*p**2 + 29*p + 15. Let f(n) = 4*n**3 + 7*n**2 + 15*n + 7. Let u(q) = 5*f(q) - 3*y(q). What is the tens digit of u(d)?
1
Let f(a) = -a**2 - 2*a**2 - 3 + 2*a**3 + 0*a**2 - a. Let c be f(3). Let m = c + -2. What is the units digit of m?
9
Let d(b) be the third derivative of -b**4/24 - b**3/2 - 2*b**2. Let p be d(-5). Suppose 0 = p*o + 3 + 3, -3*r = -3*o - 111. What is the units digit of r?
4
Let l(i) = 49*i - 4. Let p(v) = -16*v + 1. Let f(a) = -2*l(a) - 7*p(a). What is the units digit of f(8)?
3
Let s(c) = -c**3 + 12*c**2 - 1. Let x be s(12). Let h(w) = -2*w**2 - w - 1. Let b be h(x). What is the tens digit of b/(-13) + (-1745)/(-65)?
2
Suppose 0 = -5*o + x + 5, -5*o - 5*x + 33 = -o. Suppose i - 4*m - 15 = o*i, -4*i = -5*m + 18. Let c = i - -38. What is the units digit of c?
1
Suppose 0 = 5*n - 2*n. Suppose n*l = -2*l + 2*a + 156, 144 = 2*l - 5*a. What is the units digit of l?
2
Let t = 1 + 1. Suppose -2*r + t = -8. Suppose 77 = 4*q - r*g, 5*g + 2 = q - 21. What is the units digit of q?
8
Let n = 510 + 8. What is the units digit of n?
8
Let s(z) = -9*z + 1. Let r(m) = -7*m + 2. Let t(f) = -5*r(f) + 4*s(f). Let b = 1 + -8. What is the units digit of t(b)?
1
Suppose 0 = 2*a - o - 169, -64 - 37 = -a - 5*o. What is the units digit of a?
6
Let f(b) = -32*b**3 + 2*b**2 - 12*b - 52. What is the hundreds digit of f(-4)?
0
Suppose -4*r + 5*u = -137 - 3, 124 = 3*r + u. Let f = r - 21. What is the tens digit of f?
1
Let r(l) = -l**3 + 9*l**2 + 4*l - 11. Suppose -21*t = -17*t - 32. What is the tens digit of r(t)?
8
Let w(z) = -8*z + 1. Let u be w(-1). Let j = 76 + u. What is the tens digit of j?
8
Let t be -14 - -30 - (1*2 + 1). Suppose 1219 = 4*x - q, t*q - 296 = -x + 15*q. What is the tens digit of x?
0
Let i = 2 + 2. Suppose -i*y - 3*l + 6 = 0, -4*l - 7 = 1. What is the units digit of 9/((-2)/y - -1)?
7
Let x be (1 - 1)/(1 - 3). Suppose -5*y = -2*y - 6. Suppose y = k - x*k. What is the units digit of k?
2
Let f(b) = -b**3 + 26*b**2 - 37*b + 7. What is the thousands digit of f(19)?
1
Let r(s) = 26*s + 3. Let n(u) = 131*u + 15. Let a(c) = -2*n(c) + 11*r(c). What is the units digit of a(6)?
7
Suppose 0*i + 4 = -2*i, 0 = -4*q - 4*i. Let l be ((-3)/(-3) - 4 - -4)*3. What is the tens digit of (q - l) + 24 + -1?
2
Suppose 74 + 38 = -4*v. Let q = v + 20. Let h(k) = k**2 + 8*k + 12. What is the tens digit of h(q)?
1
Let o be (-1)/((-10)/8) - (-4)/(-5). Suppose o = -4*t + 152 + 92. What is the tens digit of t?
6
Let j be (1 + 3 + 0)/(1/8). Suppose h - 2 = r - j, 0 = -r - 5*h + 24. What is the tens digit of r?
2
Let t(f) = -f**2 - 1. Let a be t(-3). Let o = 198 + a. Suppose 6*i - 2*i - 4*q = o, 2 = -2*q. What is the tens digit of i?
4
Let o be 2*1/(-2 - -4). Suppose -o = -2*n + 3. Suppose g - 19 = n. What is the units digit of g?
1
Let n = 1822 - 1206. What is the units digit of n?
6
Suppose -2*x = -3 - 3. Let a be 10/(3/(x + -15)). Let d = a - -71. What is the tens digit of d?
3
Let x be 2/4 + 3/(-2). What is the tens digit of -65*((-2)/(-2))/x?
6
Suppose -23*i + 25215 = 1456. What is the thousands digit of i?
1
Suppose 5*p - 3*z = -7*z - 33, -48 = 4*p - 4*z. Let q = 134 - p. What is the hundreds digit of q?
1
Suppose -4*h = -5*h + 117. Let x be 36/54*3*-41. Let n = x + h. What is the units digit of n?
5
Let m(a) = 52*a - 5. What is the units digit of m(13)?
1
Suppose 0 = 61*b + 52*b - 557542. What is the units digit of b?
4
Suppose i = -3*i + 72. What is the units digit of -4 + 0 + 7 + i?
1
Let x be (-3)/9 - 10/(-3). Suppose -23 = -4*a - x. What is the units digit of a?
5
Let h(j) = -7*j + 381. Let i be h(0). Suppose 4*m - 3*k + 2*k - i = 0, 2*m = 4*k + 194. What is the units digit of m?
5
Let w = 17 + -12. What is the units digit of 952/w + 26/(-65)?
0
Let s be -4*43*(-30)/24. Suppose -218*z + s*z = -342. What is the units digit of z?
4
Let p = 3748 - 2453. What is the units digit of p?
5
Suppose 3*p - 6 = 3*f, -2*f - 2*p - 9 = -5*p. Let m be 21/12 - f/(-12). What is the tens digit of (m + -1)/((-1)/(-26))?
2
Let p = 3 + 2. Let g(u) = 17*u**2 + 2 - 6*u - u**3 - 9*u**2 - u**2 + 4. What is the tens digit of g(p)?
2
What is the units digit of 660 - (4 + -2 - 4)?
2
Suppose 2*r - 3 = -r. Let i be ((-4)/2 + 4)/r. Suppose -27 = -i*x + 13. What is the units digit of x?
0
Suppose -5*h = -2*m + 29, 3*h - 15 + 45 = 3*m. Suppose n + 1 - m = 0. Suppose n*b + 26 = 7*b. What is the tens digit of b?
2
What is the units digit of (-136)/32 + 4 + (-714)/(-8)?
9
Let c(h) = h + 8. Let z be (-75)/9 - (-3)/9. Let d be c(z). Let o = d - -10. What is the units digit of o?
0
Suppose 0*r = -3*r + 1014. What is the units digit of r?
8
Let k(l) = l**3 + 14*l**2 - 15*l + 1. Let n be k(-15). Let v be ((-5)/2)/(n/2). What is the tens digit of 4/(-20) + (-231)/v?
4
Let f(v) = -51*v + 13. Let d be f(-10). Suppose -d = -5*y - 3. What is the units digit of y?
4
Suppose 0 = -0*a - a + 2*v + 9, a - 3*v = 13. Let d be (-60)/(-10) + (-2 - a). What is the units digit of 4/d + (-107)/(-3)?
7
Let t(z) = -74*z**2 - 3*z + 1. Let v be t(-3). Let s be v/(-10) + (-2)/(-5). Suppose s = 2*i + 14. What is the units digit of i?
6
Let z = 22 - 18. Let k be z/(-12) - 19/(-3). Suppose k = -3*p + 42. What is the tens digit of p?
1
Let p = 6 - 3. Let r = p + -33. Let v = r + 44. What is the units digit of v?
4
Let f(b) = -13*b - 2. Let s(o) = 13*o + 2. Let p(m) = -6*f(m) - 5*s(m). Let t be p(-1). Let l = t - -16. What is the units digit of l?
5
Suppose -2*s + 690 = -902. Let g be s/16 - (-1)/4. Suppose 6 = -4*x + g. What is the tens digit of x?
1
Suppose g + 2*z - 29 = 3*z, 0 = -3*g + 5*z + 93. Let a = -21 + g. Suppose 2*r + t = -4*t + 40, -a*t = -4*r + 80. What is the tens digit of r?
2
Suppose -25 - 40 = 5*k. Let d = k - -16. Let a = d - -24. What is the units digit of a?
7
Let c(g) = g**3 + 21*g**2 + 44. Let b be c(-19). Suppose 4*y - b - 386 = 0. What is the hundreds digit of y?
2
Let x(g) = -g**2 + 87*g - 185. What is the units digit of x(41)?
1
Let i(r) = r**3 - 17*r**2 + 22*r - 8. Let v be i(16). Suppose 0 = -5*a + 17 + v. What is the tens digit of a?
2
Suppose 2*c = 3095 + 1815. What is the units digit of c?
5
Let c(n) be the second derivative of 0 + 1/2*n**3 + 4*n + 3*n**2 - 5/12*n**4 - 1/20*n**5. What is the units digit of c(-6)?
4
Let w = 27 + -26. Let j be 119/(-63) + w/(-9). What is the units digit of 3 - (-4 + 16)*j?
7
Suppose 18*j - 8*j = 2570. What is the units digit of j?
7
Suppose -3*f = 9, 0 = 2*o - 2*f + 7*f + 19. Let c = -1022 + 365. What is the tens digit of o/(-5) - c/45?
1
Let o = -8 - -13. Let d(q) = q**2 - 3*q - 3. Let x be d(o). Let y(i) = i**3 - 7*i**2 + i - 3. What is the units digit of y(x)?
4
Let b = 498 + -157. What is the units digit of b?
1
Suppose -3*h - 2 - 7 = d, 0 = -5*d - 3*h + 15. Suppose -f - d = f. Let r(c) = -c**3 - 2*c**2 - 3*c + 4. What is the units digit of r(f)?
2
Let y = -5 + 6. Suppose -2*l = -a + y, 4*a - 17 = -a - 2*l. Suppose a*v - 83 = -2*d + 2, 2*v + 32 = d. What is the tens digit of d?
3
Let v(p) = 4*p**2 + 9*p + 12. Let i be v(-4). Let a = 40 + i. What is the units digit of a?
0
Suppose 4*h - 2771 = -19*m + 14*m, 4*m - 2217 = -3*h. What is the tens digit of m?
5
Suppose -2*y = 2*i - 1314, -3*y = -5*i - 775 - 1236. What is the units digit of y?
2
Let u(n) = -788*n**3 - 2*n**2 + 1. What is the units digit of u(-1)?
7
Suppose 4671 = 35*z - 13809. What is the units digit of z?
8
Let m(y) = -2*y**3 - 8*y**2 + y + 10. Let p be m(-6). Suppose 5*x = -3*g + g + 257, 5*g + p = 3*x. What is the tens digit of x?
5
Let m(g) = g**3 - 8*g**2 + 7*g. Let h be m(7). Suppose h*w - 2*w = 5*i - 34, 3*i - 3*w - 12 = 0. Let r(k) = k**2 - 5*k + 4. What is the tens digit of r(i)?
1
Let c(t) = 23*t**2 + 7*t - 66. What is the hundreds digit of c(-8)?
3
Let a(o) = 4*o**3 + 10 - 3*o**3 + 11*o**2 + o**3 + 28*o - 3*o**3. What is the units digit of a(13)?
6
Let w = 418 - 385. What is the units digit of w?
3
Suppose 187 = -10*k - 293. What is the units digit of (-16)/k - (-484)/6?
1
L